{"id":2776,"date":"2016-04-25T14:17:39","date_gmt":"2016-04-25T14:17:39","guid":{"rendered":"https:\/\/ttbase-themetwins.c9users.io\/?page_id=2776"},"modified":"2026-04-21T00:25:01","modified_gmt":"2026-04-20T22:25:01","slug":"cenik-3","status":"publish","type":"page","link":"https:\/\/bungeeworkout.cz\/?page_id=2776&lang=cs","title":{"rendered":"Cen\u00edk"},"content":{"rendered":"[vc_row el_id=&#8220;vouchery&#8220;][vc_column width=&#8220;1\/2&#8243;]<h2 class=\"ttbase-heading ttbase-heading-single-line text-align-left \" ><span>D\u00e1rkov\u00e9 poukazy<\/span><\/h2><div class=\"table-responsive table-style-1\"><\/div>[vc_column_text]\n<h5>V nab\u00eddce m\u00e1me r\u016fzn\u00e9 varianty d\u00e1rkov\u00fdch poukaz\u016f, sta\u010d\u00ed jen vybrat <a href=\"https:\/\/bungeeworkout.cz\/?page_id=5899&amp;lang=cs\">zde<\/a>. V p\u0159\u00edpad\u011b, \u017ee m\u00e1te n\u011bjak\u00e1 zvl\u00e1\u0161tn\u00ed p\u0159\u00e1n\u00ed, napi\u0161te n\u00e1m a my pro V\u00e1s sestav\u00edme bal\u00ed\u010dek na m\u00edru.<\/h5>\n[\/vc_column_text][\/vc_column][vc_column width=&#8220;1\/2&#8243;][\/vc_column][\/vc_row][vc_row el_id=&#8220;skupinove-cviceni&#8220;][vc_column]<h2 class=\"ttbase-heading ttbase-heading-single-line text-align-left \" ><span>JEDNOR\u00c1ZOV\u00c9 LEKCE<\/span><\/h2>[\/vc_column][\/vc_row][vc_row][vc_column][vc_empty_space]<div class=\"table-responsive table-style-1\">\n<table style=\"height: 470px;\" width=\"750\">\n<thead>\n<tr>\n<th>N\u00e1zev<\/th>\n<th>D\u00e9lka<\/th>\n<th>Cena praha \/ pod\u011bbrady<\/th>\n<\/tr>\n<\/thead>\n<tbody>\n<tr>\n<td><span style=\"font-size: 15.66px;\"><span style=\"text-align: left; color: #707573; text-transform: none; line-height: 26.84px; text-indent: 0px; letter-spacing: normal; font-family: 'Lato',Helvetica,Arial,sans-serif; font-style: normal; font-variant: normal; font-weight: 400; text-decoration: none; word-spacing: 0px; display: inline !important; white-space: normal; cursor: text; orphans: 2; float: none; -webkit-text-stroke-width: 0px; background-color: transparent;\"><a href=\"https:\/\/bungeeworkout.cz\/?classes=bungee-workout&amp;lang=cs\" target=\"_blank\" rel=\"noopener\">Bungee Workout<\/a><\/span><\/span><\/td>\n<td>60 min<\/td>\n<td>350 K\u010d \/ 430 K\u010d<\/td>\n<\/tr>\n<tr>\n<td><span style=\"font-size: 15.66px;\"><span style=\"text-align: left; color: #707573; text-transform: none; line-height: 26.84px; text-indent: 0px; letter-spacing: normal; font-family: 'Lato',Helvetica,Arial,sans-serif; font-style: normal; font-variant: normal; font-weight: 400; text-decoration: none; word-spacing: 0px; display: inline !important; white-space: normal; cursor: text; orphans: 2; float: none; -webkit-text-stroke-width: 0px; background-color: transparent;\"><a href=\"https:\/\/bungeeworkout.cz\/?classes=bungee-fit&amp;lang=cs\" target=\"_blank\" rel=\"noopener\">Bungee Fit<\/a><\/span><\/span><\/td>\n<td>60 min<\/td>\n<td>350 K\u010d \/ 430 K\u010d<\/td>\n<\/tr>\n<tr>\n<td><span style=\"font-size: 15.66px;\"><span style=\"text-align: left; color: #707573; text-transform: none; line-height: 26.84px; text-indent: 0px; letter-spacing: normal; font-family: 'Lato',Helvetica,Arial,sans-serif; font-style: normal; font-variant: normal; font-weight: 400; text-decoration: none; word-spacing: 0px; display: inline !important; white-space: normal; cursor: text; orphans: 2; float: none; -webkit-text-stroke-width: 0px; background-color: transparent;\"><a href=\"https:\/\/bungeeworkout.cz\/?classes=bungee-easy&amp;lang=cs\" target=\"_blank\" rel=\"noopener\">Bungee Easy<\/a><\/span><\/span><\/td>\n<td>60 min<\/td>\n<td>350 K\u010d \/ 430 K\u010d<\/td>\n<\/tr>\n<tr>\n<td><span style=\"font-size: 15.66px;\"><span style=\"text-align: left; color: #707573; text-transform: none; line-height: 26.84px; text-indent: 0px; letter-spacing: normal; font-family: 'Lato',Helvetica,Arial,sans-serif; font-style: normal; font-variant: normal; font-weight: 400; text-decoration: none; word-spacing: 0px; display: inline !important; white-space: normal; cursor: text; orphans: 2; float: none; -webkit-text-stroke-width: 0px; background-color: transparent;\"><a href=\"https:\/\/bungeeworkout.cz\/?classes=bungee-rehab&amp;lang=cs\" target=\"_blank\" rel=\"noopener\">Bungee Rehab<\/a>\u00a0<\/span><\/span><\/td>\n<td>60 min<\/td>\n<td>450 K\u010d \/ &#8212;&#8211;<\/td>\n<\/tr>\n<tr>\n<td><span style=\"color: #99cc00;\">Individu\u00e1ln\u00ed cvi\u010den\u00ed pro 1 osobu<\/span><\/td>\n<td>60 min<\/td>\n<td>1500 K\u010d \/ 1800 K\u010d<\/td>\n<\/tr>\n<tr>\n<td><span style=\"font-size: 15.66px;\"><span style=\"text-align: left; color: #707573; text-transform: none; line-height: 26.84px; text-indent: 0px; letter-spacing: normal; font-family: 'Lato',Helvetica,Arial,sans-serif; font-style: normal; font-variant: normal; font-weight: 400; text-decoration: none; word-spacing: 0px; display: inline !important; white-space: normal; cursor: text; orphans: 2; float: none; -webkit-text-stroke-width: 0px; background-color: transparent;\"><a href=\"https:\/\/bungeeworkout.cz\/?classes=bungee-kids&amp;lang=cs\" target=\"_blank\" rel=\"noopener\">Bungee Kids<\/a><\/span><\/span><\/td>\n<td>60 min<\/td>\n<td>300 K\u010d \/ &#8212;&#8211;<\/td>\n<\/tr>\n<tr>\n<td><a href=\"https:\/\/bungeeworkout.cz\/?classes=bungee-family&amp;lang=cs\" target=\"_blank\" rel=\"noopener\">Bungee Family<\/a><\/td>\n<td>60 min<\/td>\n<td>300 K\u010d \/ &#8212;&#8211;<\/td>\n<\/tr>\n<tr>\n<td><a href=\"https:\/\/bungeeworkout.cz\/?classes=soukrome-lekce&amp;lang=cs\" target=\"_blank\" rel=\"noopener\"><span style=\"color: #99cc00;\">Soukrom\u00e9 lekce (teambuildingy, oslavy, &#8230;)<\/span><\/a><\/td>\n<td>60 min<\/td>\n<td>2200 K\u010d (max 8 osob) \/ 3200 K\u010d (max 9 osob)<\/td>\n<\/tr>\n<tr style=\"display: none;\">\n<td><a href=\"http:\/\/bungeeworkout.cz\/cs\/cviceni\/americky-step-clogging\/\"><span style=\"color: #99cc00;\">Lekce americk\u00e9ho stepu &#8211; cloggingu<\/span><\/a><\/td>\n<td>3 x 60 min<\/td>\n<td>590 K\u010d za t\u0159i (na sebe navazuj\u00edc\u00ed) lekce<\/td>\n<\/tr>\n<\/tbody>\n<\/table>\n<\/div>[vc_empty_space][\/vc_column][\/vc_row][vc_row][vc_column]<h2 class=\"ttbase-heading ttbase-heading-single-line text-align-left \" ><span>UZAV\u0158EN\u00c9 KURZY<\/span><\/h2>[\/vc_column][\/vc_row][vc_row][vc_column][vc_empty_space][vc_column_text]<b>Informace o aktu\u00e1ln\u00edch kurzech v\u010detn\u011b cen najdete na n\u00e1sleduj\u00edc\u00edch odkazech:<\/b><\/p>\n<p><a href=\"https:\/\/bungeeworkout.cz\/?page_id=7831&amp;lang=cs\">Pro dosp\u011bl\u00e9 &#8211; Praha<\/a><\/p>\n<p><a href=\"https:\/\/bungeeworkout.cz\/?page_id=9291&amp;lang=cs\">Pro dosp\u011bl\u00e9 &#8211; Pod\u011bbrady<\/a><\/p>\n<p><a href=\"https:\/\/bungeeworkout.cz\/?page_id=7791&amp;lang=cs\">Pro d\u011bti &#8211; Praha<\/a><\/p>\n<p><a href=\"https:\/\/bungeeworkout.cz\/?page_id=7791&amp;lang=cs\">Instruktorsk\u00e9 kurzy &#8211; Praha<\/a><\/p>\n<h3><\/h3>\n[\/vc_column_text][vc_empty_space][\/vc_column][\/vc_row][vc_row][vc_column]<h2 class=\"ttbase-heading ttbase-heading-single-line text-align-left \" ><span>Soukrom\u00e9 lekce<\/span><\/h2>[vc_column_text]Jakoukoli Bungee lekci je mo\u017en\u00e9 domluvit jako soukromou jen pro va\u0161i partu nebo rodinu. D\u011bl\u00e1me tak\u00e9 teambuildingy, oslavy narozenin nebo co je pot\u0159eba. Je mo\u017en\u00e9 se domluvit na v\u00fdzdob\u011b s\u00e1lu, p\u0159\u00edpadn\u011b si pronajmout s\u00e1l po lekci jen pro sebe s posezen\u00edm a vlastn\u00edm ob\u010derstven\u00edm. Lekce stoj\u00ed 2200 K\u010d na 60 minut &#8211; a\u017e pro 8 lid\u00ed. V Pod\u011bbradech jsou mo\u017en\u00e9 pouze soukrom\u00e9 lekce bez v\u00fdzdoby a n\u00e1sledn\u00e9ho pron\u00e1jmu s\u00e1lu. Cena za lekci v Pod\u011bbradech je 3200 K\u010d na 60 min a\u017e pro 9 lid\u00ed. Pokud m\u00e1te z\u00e1jem o lekci ve skupin\u011b jen se sv\u00fdmi p\u0159\u00e1teli, vyu\u017eijte n\u00e1\u0161 <a href=\"http:\/\/bungeeworkout.cz\/kontakt\/#kontaktni-formular\">kontaktn\u00ed formul\u00e1\u0159<\/a>, nebo n\u00e1m napi\u0161te na email <a href=\"mailto:info@bungeeworkout.cz\" target=\"_blank\" rel=\"noopener\">info@bungeeworkout.cz<\/a>. V\u00e1mi vybran\u00fd term\u00edn m\u00e1te rezervovan\u00fd a\u017e po obdr\u017een\u00ed potvrzovac\u00edho emailu.[\/vc_column_text][vc_row_inner][vc_column_inner]<h2 class=\"ttbase-heading ttbase-heading-single-line text-align-left \" ><span>PERMANENTKY<\/span><\/h2>[\/vc_column_inner][\/vc_row_inner]<div class=\"table-responsive table-style-1\">\n<table style=\"height: 110px;\" width=\"645\">\n<tbody>\n<tr>\n<td style=\"width: 700px;\">Praha &#8211; 5 vstup\u016f na Bungee Workout, Easy nebo Fit<\/td>\n<td>1650 K\u010d<\/td>\n<\/tr>\n<tr>\n<td>Praha &#8211; 10 vstup\u016f na Bungee Workout, Easy nebo Fit<\/td>\n<td style=\"width: 500px;\">3100 K\u010d<\/td>\n<\/tr>\n<tr>\n<td>Pod\u011bbrady &#8211; 5 vstup\u016f na Bungee Workout, Easy nebo Fit<\/td>\n<td style=\"width: 500px;\">2050 K\u010d<\/td>\n<\/tr>\n<tr>\n<td>Pod\u011bbrady &#8211; 10 vstup\u016f na Bungee Workout, Easy nebo Fit<\/td>\n<td style=\"width: 500px;\">3900 K\u010d<\/td>\n<\/tr>\n<\/tbody>\n<\/table>\n<\/div>[\/vc_column][\/vc_row][vc_row][vc_column]<h2 class=\"ttbase-heading ttbase-heading-single-line text-align-left \" ><span>Storno poplatky<\/span><\/h2><div class=\"table-responsive table-style-1\">\n<table>\n<thead>\n<tr>\n<th>Odhl\u00e1\u0161en\u00ed z lekce<\/th>\n<th>storno polatek<\/th>\n<\/tr>\n<\/thead>\n<tbody>\n<tr>\n<td>m\u00e9n\u011b ne\u017e 24 hodin p\u0159edem<\/td>\n<td>100 % z ceny<\/td>\n<\/tr>\n<tr>\n<td><\/td>\n<td><\/td>\n<\/tr>\n<tr>\n<td><\/td>\n<td><\/td>\n<\/tr>\n<\/tbody>\n<\/table>\n<\/div>[\/vc_column][\/vc_row]\n","protected":false},"excerpt":{"rendered":"<p>[vc_row el_id=&#8220;vouchery&#8220;][vc_column width=&#8220;1\/2&#8243;][vc_column_text] V nab\u00eddce m\u00e1me r\u016fzn\u00e9 varianty d\u00e1rkov\u00fdch poukaz\u016f, sta\u010d\u00ed jen vybrat zde. V p\u0159\u00edpad\u011b, \u017ee m\u00e1te n\u011bjak\u00e1 zvl\u00e1\u0161tn\u00ed p\u0159\u00e1n\u00ed, napi\u0161te n\u00e1m a my pro V\u00e1s sestav\u00edme bal\u00ed\u010dek na m\u00edru. [\/vc_column_text][\/vc_column][vc_column width=&#8220;1\/2&#8243;][\/vc_column][\/vc_row][vc_row el_id=&#8220;skupinove-cviceni&#8220;][vc_column][\/vc_column][\/vc_row][vc_row][vc_column][vc_empty_space][vc_empty_space][\/vc_column][\/vc_row][vc_row][vc_column][\/vc_column][\/vc_row][vc_row][vc_column][vc_empty_space][vc_column_text]Informace o aktu\u00e1ln\u00edch kurzech v\u010detn\u011b cen najdete na n\u00e1sleduj\u00edc\u00edch odkazech: Pro dosp\u011bl\u00e9 &#8211; Praha Pro dosp\u011bl\u00e9 &#8211; Pod\u011bbrady Pro d\u011bti &#8211; Praha&#8230;<\/p>\n<div class=\"read-more-link-wrapper\"><a class=\"read-more-link\" href=\"https:\/\/bungeeworkout.cz\/?page_id=2776&#038;lang=cs\">\u010c\u00edst v\u00edce<i class=\"icon-next\"><\/i><\/a><\/div>\n","protected":false},"author":1,"featured_media":0,"parent":0,"menu_order":39,"comment_status":"closed","ping_status":"closed","template":"","meta":{"footnotes":""},"class_list":["post-2776","page","type-page","status-publish","hentry"],"_links":{"self":[{"href":"https:\/\/bungeeworkout.cz\/index.php?rest_route=\/wp\/v2\/pages\/2776"}],"collection":[{"href":"https:\/\/bungeeworkout.cz\/index.php?rest_route=\/wp\/v2\/pages"}],"about":[{"href":"https:\/\/bungeeworkout.cz\/index.php?rest_route=\/wp\/v2\/types\/page"}],"author":[{"embeddable":true,"href":"https:\/\/bungeeworkout.cz\/index.php?rest_route=\/wp\/v2\/users\/1"}],"replies":[{"embeddable":true,"href":"https:\/\/bungeeworkout.cz\/index.php?rest_route=%2Fwp%2Fv2%2Fcomments&post=2776"}],"version-history":[{"count":142,"href":"https:\/\/bungeeworkout.cz\/index.php?rest_route=\/wp\/v2\/pages\/2776\/revisions"}],"predecessor-version":[{"id":9773,"href":"https:\/\/bungeeworkout.cz\/index.php?rest_route=\/wp\/v2\/pages\/2776\/revisions\/9773"}],"wp:attachment":[{"href":"https:\/\/bungeeworkout.cz\/index.php?rest_route=%2Fwp%2Fv2%2Fmedia&parent=2776"}],"curies":[{"name":"wp","href":"https:\/\/api.w.org\/{rel}","templated":true}]}}