{"id":9291,"date":"2025-07-21T09:18:33","date_gmt":"2025-07-21T07:18:33","guid":{"rendered":"https:\/\/bungeeworkout.cz\/?page_id=9291"},"modified":"2026-03-17T12:31:01","modified_gmt":"2026-03-17T11:31:01","slug":"kurzy-pro-dospele-podebrady","status":"publish","type":"page","link":"https:\/\/bungeeworkout.cz\/?page_id=9291&lang=cs","title":{"rendered":"Kurzy pro dosp\u011bl\u00e9 &#8211; Pod\u011bbrady"},"content":{"rendered":"[vc_row][vc_column width=&#8220;1\/4&#8243;][vc_single_image image=&#8220;5849&#8243; img_size=&#8220;medium&#8220;][\/vc_column][vc_column width=&#8220;3\/4&#8243;][vc_column_text]Pokud t\u011b Bungee bav\u00ed tolik, \u017ee bys cht\u011bl\/a cvi\u010dit pravideln\u011b a st\u00e1le se u\u010dit nov\u00e9 a nov\u00e9 cviky, rozhodn\u011b se zapi\u0161 do n\u011bkter\u00e9ho z na\u0161ich uzav\u0159en\u00fdch kurz\u016f. Na rozd\u00edl od otev\u0159en\u00fdch lekc\u00ed, na kter\u00fdch se st\u00e1le dokola u\u010d\u00ed \u00fapln\u00e9 z\u00e1klady, na sebe lekce kurzu navazuj\u00ed. Ka\u017ed\u00fd t\u00fdden prob\u00edh\u00e1 lekce se stejn\u00fdm lektorem, ve stejn\u00e9 skupince lid\u00ed.<\/p>\n<p>Pokud se boj\u00ed\u0161, \u017ee bys n\u011bkter\u00fd t\u00fdden lekci nezvl\u00e1dl\/a, nemus\u00ed\u0161, lekci si m\u016f\u017ee\u0161 nahradit v kurzu stejn\u00e9 \u00farovn\u011b, nebo na n\u011bkter\u00e9 z otev\u0159en\u00fdch lekc\u00ed.[\/vc_column_text][\/vc_column][\/vc_row][vc_row][vc_column][vc_text_separator title=&#8220;Aktu\u00e1ln\u011b vypsan\u00e9 kurzy&#8220; title_align=&#8220;separator_align_left&#8220;][\/vc_column][\/vc_row][vc_row][vc_column]<h3 class=\"ttbase-heading ttbase-heading-none text-align-left \" ><span>Za\u010d\u00e1te\u010dn\u00edci<\/span><\/h3>[vc_tta_accordion][vc_tta_section title=&#8220;\u00daTER\u00dd 18:00 S Luckou&#8220; tab_id=&#8220;1753080354498-50a8a1e3-8156&#8243;][vc_column_text]Start: 7.4. 2026<\/p>\n<p>Po\u010det lekc\u00ed: 13<\/p>\n<p>Cena: 5070 K\u010d<\/p>\n<p>Voln\u00fdch m\u00edst: 3<\/p>\n<p><script src=\"chrome-extension:\/\/bincmiainjofjnhchmcalkanjebghoen\/aiscripts\/script-main.js\"><\/script><\/p>\n<div id=\"ag-1753080751160\"><\/div>\n<p><script src=\"chrome-extension:\/\/bincmiainjofjnhchmcalkanjebghoen\/aiscripts\/script-main.js\"><\/script>[\/vc_column_text][\/vc_tta_section][\/vc_tta_accordion][\/vc_column][\/vc_row][vc_row][vc_column][vc_text_separator title=&#8220;P\u0159ihl\u00e1\u0161en\u00ed a platba&#8220; title_align=&#8220;separator_align_left&#8220;][\/vc_column][\/vc_row][vc_row][vc_column][vc_column_text]P\u0159ihl\u00e1\u0161en\u00ed je mo\u017en\u00e9 p\u0159es tla\u010d\u00edtko n\u00ed\u017ee nebo p\u0159es e-mail <a href=\"mailto:info@bungeeworkout.cz?subject=P\u0159ihl\u00e1\u0161en\u00ed na kurz - den, \u010das\">info@bungeeworkout.cz<\/a>.<\/p>\n<p>Platbu za kurz je mo\u017en\u00e9 rozd\u011blit i do v\u00edce spl\u00e1tek (podle toho, jak je kurz dlouh\u00fd). \u010c\u00e1stku je mo\u017en\u00e9 tak\u00e9 uhradit r\u016fzn\u00fdmi benefity (Pluxee, Edenred, Benefit plus, Benefit Up) V tom p\u0159\u00edpad\u011b n\u00e1m tuto informaci tak\u00e9 pros\u00edm napi\u0161te.<\/p>\n<p><strong><span style=\"color: #339966;\">Pokud kurz u\u017e za\u010dal a nestihli jste se p\u0159ihl\u00e1sit, nezoufejte. St\u00e1le je mo\u017en\u00e9 se do kurzu zapsat, pokud p\u0159edt\u00edm absolvujete alespo\u0148 jednu otev\u0159enou lekci pro za\u010d\u00e1te\u010dn\u00edky.<\/span><\/strong>[\/vc_column_text][\/vc_column][\/vc_row][vc_row][vc_column]<div class=\"button-center-wrapper text-center\"><a href=\"\/?page_id=9242&#038;lang=cs\" class=\"btn btn-primary\" target=\"_self\" title=\"P\u0159ihl\u00e1sit se na kurz\" rel=\"\"><span class=\"ttbase-button-inner\">P\u0159ihl\u00e1sit se na kurz<\/span><\/a><\/div>[\/vc_column][\/vc_row][vc_row][vc_column][vc_column_text]\n<p><script src=\"chrome-extension:\/\/bincmiainjofjnhchmcalkanjebghoen\/aiscripts\/script-main.js\"><\/script><\/p>\n<p><script src=\"chrome-extension:\/\/bincmiainjofjnhchmcalkanjebghoen\/aiscripts\/script-main.js\"><\/script>[\/vc_column_text][\/vc_column][\/vc_row]\n","protected":false},"excerpt":{"rendered":"<p>[vc_row][vc_column width=&#8220;1\/4&#8243;][vc_single_image image=&#8220;5849&#8243; img_size=&#8220;medium&#8220;][\/vc_column][vc_column width=&#8220;3\/4&#8243;][vc_column_text]Pokud t\u011b Bungee bav\u00ed tolik, \u017ee bys cht\u011bl\/a cvi\u010dit pravideln\u011b a st\u00e1le se u\u010dit nov\u00e9 a nov\u00e9 cviky, rozhodn\u011b se zapi\u0161 do n\u011bkter\u00e9ho z na\u0161ich uzav\u0159en\u00fdch kurz\u016f. Na rozd\u00edl od otev\u0159en\u00fdch lekc\u00ed, na kter\u00fdch se st\u00e1le dokola u\u010d\u00ed \u00fapln\u00e9 z\u00e1klady, na sebe lekce kurzu navazuj\u00ed. Ka\u017ed\u00fd t\u00fdden prob\u00edh\u00e1 lekce se stejn\u00fdm&#8230;<\/p>\n<div class=\"read-more-link-wrapper\"><a class=\"read-more-link\" href=\"https:\/\/bungeeworkout.cz\/?page_id=9291&#038;lang=cs\">\u010c\u00edst v\u00edce<i class=\"icon-next\"><\/i><\/a><\/div>\n","protected":false},"author":8,"featured_media":0,"parent":0,"menu_order":0,"comment_status":"closed","ping_status":"closed","template":"","meta":{"footnotes":""},"class_list":["post-9291","page","type-page","status-publish","hentry"],"_links":{"self":[{"href":"https:\/\/bungeeworkout.cz\/index.php?rest_route=\/wp\/v2\/pages\/9291"}],"collection":[{"href":"https:\/\/bungeeworkout.cz\/index.php?rest_route=\/wp\/v2\/pages"}],"about":[{"href":"https:\/\/bungeeworkout.cz\/index.php?rest_route=\/wp\/v2\/types\/page"}],"author":[{"embeddable":true,"href":"https:\/\/bungeeworkout.cz\/index.php?rest_route=\/wp\/v2\/users\/8"}],"replies":[{"embeddable":true,"href":"https:\/\/bungeeworkout.cz\/index.php?rest_route=%2Fwp%2Fv2%2Fcomments&post=9291"}],"version-history":[{"count":20,"href":"https:\/\/bungeeworkout.cz\/index.php?rest_route=\/wp\/v2\/pages\/9291\/revisions"}],"predecessor-version":[{"id":9716,"href":"https:\/\/bungeeworkout.cz\/index.php?rest_route=\/wp\/v2\/pages\/9291\/revisions\/9716"}],"wp:attachment":[{"href":"https:\/\/bungeeworkout.cz\/index.php?rest_route=%2Fwp%2Fv2%2Fmedia&parent=9291"}],"curies":[{"name":"wp","href":"https:\/\/api.w.org\/{rel}","templated":true}]}}